32501. What is u(15)?
1
Let j(c) = -120*c**2 + 30796*c + 11361. Give j(257).
53
Let i(l) = -34*l**2 - 2674*l - 1750. Calculate i(-78).
-34
Let c(u) = u**3 + 57*u**2 + 177*u - 1848. Determine c(-53).
7
Let i(p) = -9175*p + 2000144. Determine i(218).
-6
Let a(c) = -4*c**3 - 1853*c**2 - 4170*c - 9686. What is a(-461)?
-5
Let u(l) = -l**2 + 182*l + 13916. Give u(-58).
-4
Let z(g) = -3*g**2 - 2649*g + 10603. Calculate z(4).
-41
Let z(b) = -7*b**3 + 4*b**2 - 525*b - 1064. Determine z(-2).
58
Let q(t) = -466*t - 12122. Determine q(-29).
1392
Let i(n) = 10*n**2 - 52*n - 87. Calculate i(5).
-97
Let n(d) = 738827*d - 8127096. Calculate n(11).
1
Let u(o) = -o**3 - 22*o**2 - 152*o - 1940. Give u(-20).
300
Let y(v) = -46*v**2 - 8908*v + 39. Determine y(-194).
-3065
Let y(p) = 1198164*p + 44332060. Give y(-37).
-8
Let o(p) = -243*p**3 - 2920*p**2 - 32*p - 39. What is o(-12)?
-231
Let f(d) = d**2 - 30585*d + 152948. Determine f(5).
48
Let u(x) = -x**3 - 73*x**2 + 432*x + 506. Give u(-1).
2
Let g(x) = 5*x**2 - 422*x + 971. Calculate g(82).
-13
Let q(v) = 192160*v - 1345105. What is q(7)?
15
Let c(z) = -2*z**3 - 34*z**2 - 89*z + 2. What is c(-3)?
17
Let c(b) = b**3 - 18*b**2 + 17*b - 124. Give c(13).
-748
Let m(z) = -52*z**2 + 1024*z - 3032. Calculate m(16).
40
Let i(y) = 1286*y - 6508. Calculate i(5).
-78
Let w(d) = 113*d**3 + 54*d**2 + 122*d + 18. Give w(-2).
-914
Let c(n) = -6929*n + 27986. What is c(4)?
270
Let d(l) = -2*l**2 - 312*l + 171337. Give d(225).
-113
Let h(b) = 22*b**2 - 776*b - 2238. What is h(38)?
42
Let q(n) = 2*n**3 + 26*n**2 - 68*n - 5. What is q(5)?
555
Let j(n) = -8*n**3 + 87*n**2 + 953*n - 10294. What is j(11)?
68
Let u(w) = -2*w**3 - 88*w**2 - 438*w - 15131. Determine u(-43).
5
Let u(c) = -10*c**2 - 469*c + 172. What is u(-53)?
-3061
Let l(r) = -127*r + 8928. What is l(72)?
-216
Let a(v) = 23*v**2 - 104*v - 2146. Determine a(12).
-82
Let h(a) = 5*a**2 - 1722*a + 107570. Determine h(82).
-14
Let x(y) = y**2 + 1201*y + 250704. Calculate x(-269).
-4
Let q(y) = y**2 + 831*y - 285024. Determine q(261).
-12
Let r(y) = 15969*y + 111571. Determine r(-7).
-212
Let u(s) = -s**3 - 3*s**2 - 75*s + 893. Determine u(-11).
2686
Let s(i) = -18*i**3 - 2810*i**2 - 315*i - 92. Determine s(-156).
376
Let p(f) = -2*f**2 + 147*f - 2330. Determine p(51).
-35
Let v(c) = -c**3 + 147*c**2 + 150*c + 300. Determine v(148).
596
Let q(p) = p**3 - 185*p**2 - 2037*p - 2630. Give q(-9).
-11
Let k(l) = -9*l**2 + 496*l + 59. What is k(55)?
114
Let d(b) = b**3 - 1941*b**2 - 9713*b + 87. Calculate d(-5).
2
Let d(h) = -15*h**3 - 5*h**2 + 114*h - 227. Give d(2).
-139
Let x(p) = -9186*p + 1185010. Determine x(129).
16
Let r(f) = 4*f**2 - 17026*f + 322165. What is r(19)?
115
Let z(u) = 2*u**2 + 183*u + 2254. What is z(-78)?
148
Let n(j) = 19*j**2 - 1013*j - 85931. Determine n(99).
1
Let q(c) = -3*c**3 - 1257*c**2 - 26203*c - 404. Determine q(-397).
-7
Let l(p) = -p**2 + 10668*p - 74814. Calculate l(7).
-187
Let r(d) = -4*d**3 + 26*d**2 - 22*d + 101. Determine r(8).
-459
Let h(j) = -32*j**2 - 923*j + 926. What is h(1)?
-29
Let l(a) = -2616*a - 138377. Give l(-53).
271
Let z(d) = -45*d**2 - 2938*d - 6484. What is z(-63)?
5
Let l(n) = 3*n**3 + 110*n**2 + 399*n + 34. Determine l(-4).
6
Let a(o) = 4634*o - 348105. What is a(75)?
-555
Let r(n) = n**3 + 168*n**2 - 5955*n + 461. Give r(30).
11
Let k(y) = -19782*y - 276924. Give k(-14).
24
Let a(u) = 1037*u + 160968. What is a(-155)?
233
Let i(g) = 1653*g - 18173. Determine i(11).
10
Let s(i) = 2*i**2 - 979*i + 79333. What is s(387)?
-2
Let l(o) = 1015*o + 196934. Determine l(-194).
24
Let u(r) = -r**2 + 1614*r + 204492. Determine u(-118).
116
Let i(y) = -y**3 - 62*y**2 - 489*y - 554. What is i(-53)?
82
Let w(g) = g**2 + 14777*g - 518419. What is w(35)?
1
Let a(t) = t**3 - 1070*t**2 - 2978*t + 734. What is a(-3)?
11
Let g(n) = n**3 - 75*n**2 + 997*n - 644. Determine g(58).
-6
Let p(b) = -93*b**2 - 3*b - 754. Determine p(0).
-754
Let b(q) = q**3 - 81*q**2 - 1011*q - 13. Determine b(-11).
-24
Let a(z) = 2*z**2 - 376*z + 84. Determine a(190).
844
Let o(v) = -v**2 + 7212*v + 289989. What is o(-40)?
-91
Let z(h) = 2*h**2 - 2314*h + 655034. What is z(663)?
-10
Let d(r) = -r**3 - 26*r**2 - 186*r + 432. What is d(-17)?
993
Let o(n) = n**3 + 13*n**2 + 27*n + 239. What is o(-13)?
-112
Let t(k) = -k**3 - 211*k**2 + 1299*k - 696. Give t(-217).
-45
Let u(h) = h**3 - 243*h**2 + 355*h + 30610. What is u(241)?
3
Let n(b) = 64*b**3 - 248*b**2 - 17*b + 129. Determine n(4).
189
Let z(c) = -6817*c**2 - 27249*c + 12. Determine z(-4).
-64
Let k(t) = 8*t**3 - 7*t**2 + 5*t + 59. What is k(-3)?
-235
Let l(g) = -81221*g - 7797249. Calculate l(-96).
-33
Let o(x) = 1014*x + 223085. What is o(-220)?
5
Let d(u) = 2*u**3 + 303*u**2 + 142*u + 44. Calculate d(-151).
1403
Let f(s) = -672*s + 153364. Give f(228).
148
Let k(h) = -363*h - 481. Give k(1).
-844
Let f(y) = -154*y - 43580. What is f(-291)?
1234
Let i(n) = -n**3 + 10*n**2 - 43*n + 548. Determine i(0).
548
Let s(i) = -61*i**2 + 41*i + 160. Give s(-4).
-980
Let w(i) = -i**2 + 86813*i - 434053. Give w(5).
-13
Let q(a) = -1453*a - 251372. Determine q(-173).
-3
Let l(b) = -2*b**3 + 34*b**2 + 47*b - 2. Determine l(10).
1868
Let j(g) = -7*g**2 - 32*g + 56. Determine j(-13).
-711
Let d(q) = 3*q**2 - 3244*q - 198250. What is d(-58)?
-6
Let g(o) = 98*o + 8150. Give g(-83).
16
Let z(y) = 1505*y + 2796. Give z(-2).
-214
Let h(c) = -c**2 + 124*c + 21. What is h(1)?
144
Let n(y) = -27937*y - 1648264. Give n(-59).
19
Let v(a) = 2*a**2 + 127*a - 245. Determine v(-62).
-431
Let n(d) = -d**2 - 621*d - 30205. Determine n(-51).
-1135
Let i(k) = k**3 + 129*k**2 + 251*k + 250. What is i(-127)?
631
Let z(x) = x**3 - 20*x**2 - 1174*x + 22664. What is z(19)?
-3
Let g(q) = -1098*q - 34550. What is g(-31)?
-512
Let z(g) = -14*g**2 - 349*g + 79. Give z(-25).
54
Let o(l) = -4589*l + 42583. Give o(9).
1282
Let o(r) = -68*r**2 + 2841*r - 26213. Determine o(28).
23
Let k(c) = 69*c**3 - 9*c**2 - 7*c + 95. What is k(3)?
1856
Let y(m) = 2100*m + 1753535. What is y(-835)?
35
Let n(j) = -468763*j + 34219698. Give n(73).
-1
Let y(t) = -5*t**3 - 790*t**2 - 1565*t - 75. Give y(-156).
705
Let h(g) = 26*g**3 - 5148*g**2 - 2*g + 243. Calculate h(198).
-153
Let x(f) = 2*f**3 + 8*f**2 - 55*f - 117. Calculate x(-2).
9
Let y(d) = -d**2 - 229*d + 33324. Determine y(101).
-6
Let f(l) = l**3 + 6600*l**2 - 59489*l + 75. Determine f(9).
3
Let f(j) = j**2 + 16*j - 3407. Give f(-70).
373
Let l(i) = i**3 - 37*i**2 + 71*i - 1118. What is l(36)?
142
Let g(v) = v**3 + 75*v**2 + 233*v + 6345. Give g(-73).
-6
Let v(b) = 9*b**2 - 10251*b + 1387565. Calculate v(982).
-1
Let z(l) = -5369*l + 26629. Calculate z(5).
-216
Let s(q) = 551*q**2 + 23*q - 38. Calculate s(2).
2212
Let b(k) = -2*k**3 - 88*k**2 + 96*k + 16641. What is b(-40)?
1
Let r(g) = 43601*g + 305251. What is r(-7)?
44
Let u(g) = 2982*g - 107232. Calculate u(36).
120
Let z(j) = -6*j**2 + 9763*j + 16. What is z(0)?
16
Let x(o) = o**3 + 11*o**2 - 130*o - 1218. What is x(-9)?
114
Let y(s) = -20*s**2 + 32*s - 60. Give y(3).
-144
Let y(c) = 331*c + 26910. Give y(-81).
99
Let v(f) = 27831*f - 473155. What is v(17)?
-28
Let a(c) = -c**3 - 287*c**2 + 11983*c - 1607. Calculate a(-324).
13
Let i(f) = 2443*f + 374331. Give i(-153).
552
Let y(m) = m**3 + 62*m**2 - 530*m + 2099. Give y(-70).
-1
Let o(n) = 660815*n - 5947348. Calculate o(9).
-13
Let g(i) = -566*i + 101682. Give g(185).
-3028
Let h(a) = -340274*a + 2722156. What is h(8)?
-36
Let s(x) = x**2 + 10950*x + 163977. Give s(-15).
-48
Let p(v) = -109*v + 19973. Calculate p(186).
-301
Let x(l) = -l**2 - 528*l + 35276. What is x(60)?
-4
Let m(o) = o**3 + 51*o**2 + 77*o - 4010. Determine m(-11).
-17
Let f(z) = z**2 - 6193*z + 307161. Give f(50).
11
Let p(b) = b**3 + 30*b**2 - 88*b + 22. What is p(-33)?
-341
Let p(u) = 2*u**3 + 954*u**2 + 3812*u + 1. What is p(-4)?
-111
Let m(l) = 2*l**3 + 3*l**2 - 40*l - 64. What is m(-8)?
-576
Let d(r) = 8394*r + 134274. What is d(-16)?
-30
Let d(h) = 657*h - 982. Calculate d(0).
-982
Let s(w) = 7*w**2 + 590*w - 39449. Give s(44).
63
Let k(v) = 2*v**2 + 2834*v - 25595. Calculate k(9).
73
Let c(v) = -4160*v - 2441909. Calculate c(-587).
11
Let v(p) = -p**3 - 220*p**2 + 666*p - 558. Give v(-223).
111
Let r(j) = -j**3 - 23*j**2 - 17*